emainder when 38594992 is divided by 2717.
7
Calculate the remainder when 2849662 is divided by 158313.
28
Calculate the remainder when 92537792 is divided by 562.
558
What is the remainder when 40022288 is divided by 580?
548
What is the remainder when 723870 is divided by 119?
112
What is the remainder when 67989225 is divided by 626?
617
What is the remainder when 4294729 is divided by 107365?
129
What is the remainder when 5926310 is divided by 2174?
2160
Calculate the remainder when 17503531 is divided by 1944799.
340
Calculate the remainder when 239920 is divided by 62.
42
Calculate the remainder when 28772076 is divided by 93.
15
What is the remainder when 8295 is divided by 1946?
511
What is the remainder when 9983205 is divided by 228?
225
Calculate the remainder when 2321265 is divided by 45515.
0
Calculate the remainder when 55993 is divided by 2753.
933
Calculate the remainder when 19702822 is divided by 39.
22
What is the remainder when 237541 is divided by 21435?
1756
Calculate the remainder when 10497100 is divided by 6.
4
Calculate the remainder when 6883653 is divided by 18020.
13
What is the remainder when 16615 is divided by 2199?
1222
Calculate the remainder when 1558625 is divided by 27.
23
Calculate the remainder when 308492 is divided by 6295.
37
What is the remainder when 2854278 is divided by 830?
738
Calculate the remainder when 607104 is divided by 101182.
12
Calculate the remainder when 4071702 is divided by 1360.
1222
Calculate the remainder when 340955 is divided by 113651.
2
Calculate the remainder when 3142721 is divided by 10546.
13
Calculate the remainder when 136406306 is divided by 11746.
8
What is the remainder when 59827 is divided by 11879?
432
Calculate the remainder when 3814994 is divided by 1147.
72
Calculate the remainder when 143164309 is divided by 10.
9
Calculate the remainder when 1466097 is divided by 488295.
1212
What is the remainder when 307202 is divided by 2104?
18
Calculate the remainder when 2583090 is divided by 1291448.
194
What is the remainder when 7761868 is divided by 43?
24
What is the remainder when 678503 is divided by 13570?
3
Calculate the remainder when 626501 is divided by 259.
239
Calculate the remainder when 2969167 is divided by 275.
267
Calculate the remainder when 22786399 is divided by 264958.
11
What is the remainder when 133360 is divided by 33267?
292
What is the remainder when 62901 is divided by 3674?
443
Calculate the remainder when 747317 is divided by 249048.
173
What is the remainder when 105253 is divided by 898?
187
Calculate the remainder when 222845 is divided by 404.
241
What is the remainder when 21091388 is divided by 533?
45
Calculate the remainder when 160620 is divided by 53517.
69
Calculate the remainder when 224029 is divided by 2154.
13
What is the remainder when 3118773 is divided by 3454?
3265
What is the remainder when 978047 is divided by 283?
282
Calculate the remainder when 176053 is divided by 34730.
2403
Calculate the remainder when 1653018 is divided by 2144.
2138
Calculate the remainder when 1017355 is divided by 1017300.
55
What is the remainder when 289675 is divided by 72314?
419
Calculate the remainder when 59336 is divided by 958.
898
Calculate the remainder when 578635 is divided by 9.
7
What is the remainder when 956516 is divided by 34152?
260
Calculate the remainder when 204163210 is divided by 600480.
10
What is the remainder when 6094587 is divided by 896?
891
What is the remainder when 2687177 is divided by 1342741?
1695
Calculate the remainder when 275923 is divided by 1508.
1467
What is the remainder when 179206 is divided by 10540?
26
Calculate the remainder when 287273759 is divided by 617793.
14
What is the remainder when 14294692 is divided by 157?
156
Calculate the remainder when 124317 is divided by 41257.
546
What is the remainder when 191766 is divided by 11030?
4256
What is the remainder when 286706624 is divided by 53?
50
What is the remainder when 487427 is divided by 28668?
71
What is the remainder when 3790 is divided by 2745?
1045
What is the remainder when 55884507 is divided by 13?
3
Calculate the remainder when 1071999 is divided by 1290.
9
What is the remainder when 569536 is divided by 9?
7
Calculate the remainder when 12712899 is divided by 6356425.
49
What is the remainder when 147520541 is divided by 163?
162
What is the remainder when 102618 is divided by 3186?
666
Calculate the remainder when 164243 is divided by 27370.
23
What is the remainder when 4471906 is divided by 2227?
90
What is the remainder when 2777372 is divided by 173577?
140
What is the remainder when 1668363 is divided by 41708?
43
What is the remainder when 3142963 is divided by 56?
19
What is the remainder when 67598960 is divided by 26?
0
What is the remainder when 16186195 is divided by 75?
70
What is the remainder when 493484 is divided by 3205?
3119
What is the remainder when 255082 is divided by 11?
3
What is the remainder when 3523183 is divided by 9?
7
What is the remainder when 97267489 is divided by 3275?
3264
What is the remainder when 187103 is divided by 186875?
228
Calculate the remainder when 704580 is divided by 1179.
717
What is the remainder when 3546641 is divided by 319?
318
What is the remainder when 8710847 is divided by 22165?
2
What is the remainder when 6584158 is divided by 20?
18
What is the remainder when 27407129 is divided by 359?
351
Calculate the remainder when 1513066 is divided by 3646.
3622
What is the remainder when 5752617 is divided by 46392?
9
What is the remainder when 378492 is divided by 832?
764
Calculate the remainder when 3735217 is divided by 3462.
3181
What is the remainder when 19686938 is divided by 2220?
2198
Calculate the remainder when 212344334 is divided by 315.
314
Calculate the remainder when 32318 is divided by 7801.
1114
What is the remainder when 243940 is divided by 80443?
2611
What is the remainder when 383077 is divided by 42533?
280
Calculate the remainder when 953602522 is divided by 2946.
2944
Calculate the remainder when 13870105 is divided by 1832.
33
What is the remainder when 706765 is divided by 61?
19
Calculate the remainder when 3340017 is divided by 698.
87
Calculate the remainder when 463196 is divided by 462855.
341
What is the remainder when 64303270 is divided by 183?
181
What is the remainder when 1052150 is divided by 263028?
38
What is the remainder when 10949067 is divided by 201?
195
Calculate the remainder when 228521 is divided by 31352.
9057
What is the remainder when 245481515 is divided by 28?
27
Calculate the remainder when 93257 is divided by 10130.
2087
Calculate the remainder when 234427 is divided by 1736.
67
What is the remainder when 7117002 is divided by 2319?
2310
What is the remainder when 10192113 is divided by 196002?
9
Calculate the remainder when 2017517 is divided by 672502.
11
What is the remainder when 567635 is divided by 5305?
0
What is the remainder when 828926589 is divided by 3666?
3663
What is the remainder when 3512883 is divided by 320?
243
Calculate the remainder when 8695040 is divided by 1050.
1040
Calculate the remainder when 75500 is divided by 12352.
1388
Calculate the remainder when 77167336 is divided by 1829.
1826
Calculate the remainder when 29955182 is divided by 752.
14
What is the remainder when 45744 is divided by 14303?
2835
What is the remainder when 56120 is divided by 10848?
1880
What is the remainder when 4723376 is divided by 18?
14
Calculate the remainder when 1562347 is divided by 2904.
2899
What is the remainder when 30285 is divided by 178?
25
What is the remainder when 379141092 is divided by 1165?
1162
Calculate the remainder when 71844392 is divided by 2836.
4
Calculate the remainder when 850028 is divided by 2104.
12
Calculate the remainder when 2987012 is divided by 2987011.
1
What is the remainder when 1166436 is divided by 767?
596
What is the remainder when 4333975 is divided by 110?
85
Calculate the remainder when 534801 is divided by 7711.
2742
Calculate the remainder when 46324 is divided by 1351.
390
What is the remainder when 207939 is divided by 379?
247
What is the remainder when 85602702 is divided by 14859?
3
Calculate the remainder when 8321657 is divided by 59.
2
Calculate the 